 47 = -6*b - 4*u. What is the remainder when q is divided by b?
14
Suppose -25*m = -1595 + 495. Calculate the remainder when 656 is divided by m.
40
Let w = -15311 + 18510. What is the remainder when w is divided by 33?
31
Let b(o) = 271*o**3 - 7*o**2 + 10*o - 4. Calculate the remainder when b(1) is divided by 142.
128
Let t(x) = -174*x**3 - 3*x**2 + 5*x - 1. Let f be t(1). Let y = f + 179. Calculate the remainder when 2 - (-104)/(4 - 0) is divided by y.
4
Let p(c) = -2*c**2 + 15*c + 12. Suppose 0 = -5*m + 54 + 116. Calculate the remainder when m is divided by p(8).
2
Let x(v) = -v**2 - 39*v + 108. Let d(s) = -6*s**2 - 194*s + 540. Let b(i) = 2*d(i) - 11*x(i). Calculate the remainder when b(30) is divided by 7.
5
Suppose -3*s = -2*d - 3118, 19*s - 20*s + 1054 = 3*d. What is the remainder when s is divided by 29?
27
What is the remainder when (34/(-4) + 1)*(-9808)/24 is divided by 6?
5
Let u = -774 - -876. Calculate the remainder when 302 is divided by u.
98
Suppose 38*l - 31514 - 2007 = 19413. What is the remainder when l is divided by 175?
168
Calculate the remainder when 789 is divided by (-1)/(-5) - (-21)/35*3231/27.
69
Suppose 0*n + 5*n - 15 = 0. Let c be (3 - (-21)/(-6))/((-2)/(-24)). What is the remainder when (20/(-16))/(c/24) is divided by n?
2
Let v = -5736 - -5764. What is the remainder when ((-56)/35)/((-2)/170) is divided by v?
24
Suppose 3*u - 140 = -26. Let q = -87190 - -87228. Calculate the remainder when u is divided by q.
0
Suppose -8 = 4*z, -4*l + 4*z + 144 + 8 = 0. Let b(q) = q**2 + 19*q + 62. Calculate the remainder when b(-22) is divided by l.
20
Let b(j) = j**3 - j**2 + 2*j + 37. Calculate the remainder when b(0) is divided by 288/20 + ((-1)/(-3) - (-99)/(-135)).
9
Suppose 125*n - 126*n = -303. Let l = n + -254. What is the remainder when 144 is divided by l?
46
Suppose -i - 21 = -2*i + 2*c, 41 = 2*i - 3*c. Calculate the remainder when 930 is divided by i.
18
Let l = -111 - -122. Suppose 39 = 10*p - l. What is the remainder when 63 is divided by p?
3
Suppose -5*t + 32 = -3*s, -3*t - 421*s + 419*s + 4 = 0. Calculate the remainder when 447 is divided by t.
3
Let k be -214 - (4 - 7) - -3. Let h = 214 + k. Let g(v) = v**3 - 6*v**2 + 2*v - 1. What is the remainder when g(6) is divided by h?
5
Suppose 124*f + 54180 = 166*f. What is the remainder when f is divided by 52?
42
Let c(m) = 9*m**2 - 3*m - m**2 - 21 - m**3 + 16 - m. Let w be c(8). Let t = w - -43. What is the remainder when t is divided by 3?
0
Let a be (1 - -166) + 2/(-2). Suppose -c - 114 = x, -4*x + 3*c - c - 426 = 0. Let b = a + x. Calculate the remainder when b is divided by 15.
12
Let v(j) = 3*j**3 + 47*j**2 - 5*j - 87. Let u(h) = -h**3 + h**2 + 2*h. Let n(y) = 4*u(y) + v(y). Calculate the remainder when n(51) is divided by 37.
29
Let s = 47 - -36. Let x(k) = 4*k**3 - 8*k**2 + 28*k - 32. Calculate the remainder when s is divided by x(2).
11
Let t be (2/4*-5)/(19/(-38)). Suppose 13 = t*z + q, 0*z + z = 3*q - 7. Suppose 16 + z = 2*b. What is the remainder when 42 is divided by b?
6
Let g be (5/10)/((-4)/184). Let s(i) = -10*i - 49. Let k be s(-7). Let w = k - g. What is the remainder when w is divided by 16?
12
Let c = -25398 + 29037. What is the remainder when c is divided by 1206?
21
Let i be 63*(141 + 0 + -3). Suppose -i = -a - 6*a. Calculate the remainder when 77 is divided by a/63 + 1/((-21)/(-6)).
17
Let v(u) = 21*u**2 + 4*u + 3. Let z(o) = -77*o**3 + 4*o**2 + 5*o - 7. Let a be z(2). Let x = 606 + a. Calculate the remainder when v(-2) is divided by x.
7
Suppose 0 = 2*j - 148 - 58. Let y = 685 + -667. What is the remainder when j is divided by y?
13
Suppose 180*l - 2070 = -16*l + 2438. Calculate the remainder when 414 is divided by l.
0
What is the remainder when 162 is divided by 30/(-105) - 132/28 - -78?
16
Let g(t) = -15*t**2 - 1157*t - 92. Suppose m + 2*i - 224 = 91, -m - 4*i + 323 = 0. What is the remainder when m is divided by g(-77)?
59
Let o(v) = v**3 + 6*v**2 + 2*v + 1. Let s be o(-5). Let w be (156/s)/(18/8 + -2). Suppose w = -25*d + 28*d. What is the remainder when 48 is divided by d?
9
Suppose -13 - 77 = -5*g. What is the remainder when 0 - g*15/(-10) is divided by 11?
5
Let g(b) = -66*b - 41. Let m be g(5). Let a = m - -377. What is the remainder when 19 is divided by a?
1
Let g = -13251 - -13759. Suppose -3*r + 138 = -81. Calculate the remainder when g is divided by r.
70
Suppose 6 = 15*k - 39. What is the remainder when 135 is divided by 40/8 + 62 + (6 - k)?
65
Suppose -7*v + 3*k = -2*v - 18, -3*v + 5*k + 14 = 0. What is the remainder when 11/99*-15 - (-14)/3 is divided by v?
0
Let z(m) = 9*m + 42. Let x(r) = 36*r + 170. Let b(j) = 2*x(j) - 9*z(j). Calculate the remainder when 9 is divided by b(-5).
2
Let r(l) = 28*l - 90. Let u be r(5). Let b = 54 - u. What is the remainder when 5 is divided by b?
1
Let p(j) = 85*j - 422. Calculate the remainder when p(11) is divided by 43.
40
Let f be (-675)/6 + (-30)/(-20). Let i = 174 - 250. Let l = i - f. What is the remainder when l is divided by 14?
7
Let v(w) = 63*w**2 + 1. Let t be (5/((-90)/(-6)))/(1/(-3)). Calculate the remainder when v(t) is divided by 22.
20
Let c = -20 + 20. Suppose 4*x - i + 128 = c, 54 = -2*x + 3*i - 5*i. What is the remainder when 135 is divided by (x - -27)*(34/(-4) - 0)?
33
Let t(u) = 5*u + 108. Let r be t(35). Suppose -10*s + 1057 = -r. What is the remainder when s is divided by 66?
2
Suppose 11*m - 3*m + 488 = 0. Let s = m - -61. Suppose -4*w = 3*d + d - 216, s = w - 2*d - 66. What is the remainder when w is divided by 30?
28
What is the remainder when 548207/627 + 8/(-6) is divided by 11?
4
Calculate the remainder when 8998 is divided by 357/9 + 36/108.
38
Suppose 26*a + 7 = -19. What is the remainder when -83*2*a/8*4 is divided by 14?
13
Suppose -5*p - 80 = 3*v, 4*p + 4*v - 39 = -103. Suppose 4*t = 3*s + 508, 2*t - 268 = 6*s - 8*s. What is the remainder when 85 is divided by (0 - t/p) + (-5)/40?
5
Let x = -2081 + 2123. What is the remainder when 303 is divided by x?
9
Suppose 1001*d - 995*d = 582. Calculate the remainder when 1546 is divided by d.
91
Let d(q) = -19*q + 120. Let s be d(-34). Let z = s + -737. Calculate the remainder when 48 is divided by z.
19
Suppose -125*o = -106*o - 244 - 231. What is the remainder when 22871 is divided by o?
21
Suppose 0 = -3*a + 5*p + 7, 0 = 5*a - 2*a + 3*p - 15. Suppose f - a*u + 7 = 0, -2*u - 4 = -3*u. Calculate the remainder when 123 is divided by f.
6
Suppose -8*f = -4*f - 296. What is the remainder when f is divided by 13 - 0/(-3) - -6?
17
Let u = -11192 - -12419. What is the remainder when u is divided by 603?
21
Let m = -2233 + 3315. Calculate the remainder when m is divided by 5.
2
Suppose -5*u - 215 = -2*p, 5*p + 9 - 512 = u. What is the remainder when 6/(-15) - 2944/(-10) is divided by p?
94
Suppose -978 = 119*b + 13*b - 4014. Calculate the remainder when -11 + 143 + 0 + 2 is divided by b.
19
Let d = 432 - 431. Calculate the remainder when 112 is divided by -6 + 2/d + 42 + -15.
20
Let s(b) = 3*b - 28. Let x be (-3 - -1)/((-2)/((-44)/(-2))). Calculate the remainder when 111 is divided by s(x).
35
Let x = -372 + 869. Let h = x - 479. Calculate the remainder when h is divided by 11.
7
Suppose 1310*i - 1292*i - 828 = 0. Calculate the remainder when 2159 is divided by i.
43
Suppose -7*k - 8 = k, -2*c = -5*k - 15893. What is the remainder when c is divided by 29?
27
Suppose -3*x + 4*d = 26 - 10, -2*d = 4*x - 8. Suppose x = 8*n - 335 + 167. What is the remainder when n is divided by 4?
1
Let i(x) = 69*x**2 + 24*x + 34. Calculate the remainder when 531 is divided by i(-2).
7
What is the remainder when 753 is divided by (112/12)/((-14)/(-84))*(-14)/(-4)?
165
Suppose 7*x + 4*x + 19*x - 11610 = 0. Calculate the remainder when x is divided by 104.
75
Suppose 34 = w - 5*y, 5*w + y + 0*y - 144 = 0. Suppose -5*n + 36 + w = 0. Suppose -8*m + 10*m - 3150 = -33*m. What is the remainder when m is divided by n?
12
Suppose 2*l + 16 = 6, -22 = 3*u + 5*l. Suppose -1963 = 2*d + 5*s - 1986, -5*s = -15. What is the remainder when d is divided by u?
0
Let j(t) = -t**2 - 42*t - 61. What is the remainder when 9/(-3)*172/(-6) is divided by j(-40)?
10
Let m(x) = -x**3 - 14*x**2 - 47*x - 16. Let n be m(-9). Suppose 0*z = -2*z - 2*s + 118, n*z - 112 = s